{"id":783,"date":"2016-06-02T00:00:56","date_gmt":"2016-06-01T22:00:56","guid":{"rendered":"http:\/\/escm-ccic.org\/?page_id=783"},"modified":"2016-06-02T01:23:36","modified_gmt":"2016-06-01T23:23:36","slug":"statut","status":"publish","type":"page","link":"https:\/\/escm-ccic.org\/index.php\/ccic-7\/statut\/","title":{"rendered":"STATUT"},"content":{"rendered":"<div id=\"pl-783\"  class=\"panel-layout\" ><div id=\"pg-783-0\"  class=\"panel-grid panel-has-style\" ><div style=\"padding: 100px 0; \" class=\"panel-row-style panel-row-style-for-783-0\" ><div id=\"pgc-783-0-0\"  class=\"panel-grid-cell\" ><div id=\"panel-783-0-0-0\" class=\"so-panel widget widget_sow-editor panel-first-child panel-last-child\" data-index=\"0\" ><div class=\"panel-widget-style panel-widget-style-for-783-0-0-0\" ><div\n\t\t\t\n\t\t\tclass=\"so-widget-sow-editor so-widget-sow-editor-base\"\n\t\t\t\n\t\t>\n<div class=\"siteorigin-widget-tinymce textwidget\">\n\t<p style=\"text-align: justify;\">\u00a0<\/p>\n<p style=\"text-align: center;\"><strong>\u00ab\u00a0CENTRE CULTUREL IASA CYRILLE\u00a0\u00bb<\/strong><\/p>\n<p style=\"text-align: center;\"><strong><em>STATUTS<\/em><\/strong><\/p>\n<p><strong><u>Article 1<\/u><\/strong><\/p>\n<p><strong><u>D\u00e9nomination<\/u><\/strong><strong>.<\/strong><\/p>\n<p>Il est cr\u00e9\u00e9, \u00e0 compter du 5 Ao\u00fbt 2004, \u00e0 BEFANDRIANA-NORD, une Association d\u00e9nomm\u00e9e\u00a0<strong>CENTRE CULTUREL IASA CYRILLE, <\/strong>conform\u00e9ment \u00e0 l\u2019ordonnance 60-133 du 03\/10\/60 relative aux r\u00e9glementations g\u00e9n\u00e9rales des Associations. Elle est apolitique et la\u00efque.<\/p>\n<p><strong><u>Article 2<\/u><\/strong><\/p>\n<p><strong><u>Si\u00e8ge Social<\/u><\/strong><strong>. <\/strong><\/p>\n<p>Son Si\u00e8ge Social est\u00a0 fix\u00e9 \u00e0 la villa IACYMA, lot 140 M Manongarivo, BEFANDRIANA-NORD. Il pourra \u00eatre transf\u00e9r\u00e9 en cas de besoin par d\u00e9cision de l\u2019Assembl\u00e9e G\u00e9n\u00e9rale ou du Conseil d\u2019Administration.<\/p>\n<p><strong><u>Article 3<\/u><\/strong><\/p>\n<p><strong><u>But<\/u><\/strong><\/p>\n<p><strong>\u00a0<\/strong>L\u2019Association\u00a0 \u00ab\u00a0CENTRE CULTUREL IASA CYRILLE\u00a0\u00bb est une association culturelle d\u2019\u0153uvres de bienfaisance, sans but lucratif. Elle a pour objectifs\u00a0:<\/p>\n<p>3.1 - de promouvoir la langue fran\u00e7aise en tant que langue d\u2019enseignement, de communication et de culture.<\/p>\n<p>3.2 - d\u2019aider les \u00e9l\u00e8ves \u00e0 revenu modeste mais motiv\u00e9s \u00e0 r\u00e9ussir dans leurs \u00e9tudes, \u00e0 s\u2019ouvrir vers le monde ext\u00e9rieur et \u00e0 sortir du ghetto de la pauvret\u00e9 par l\u2019apprentissage et la ma\u00eetrise du fran\u00e7ais.<\/p>\n<p>3.3 - de venir en aide aux jeunes dipl\u00f4m\u00e9s d\u00e9favoris\u00e9s, frein\u00e9s dans leur recherche d\u2019emploi par manque de ma\u00eetrise de la langue fran\u00e7aise.<\/p>\n<p>3.4 - de permettre aux enseignants qui en \u00e9prouvent le besoin de suivre une formation continue afin d\u2019am\u00e9liorer leurs comp\u00e9tences professionnelles.<\/p>\n<p>3.5 \u2013 de lutter contre l\u2019analphab\u00e9tisme et toutes formes d\u2019ignorance susceptibles d\u2019entraver le d\u00e9veloppement harmonieux de l\u2019homme et de nuire \u00e0 sa dignit\u00e9.<\/p>\n<p><strong><u>Article 4<\/u><\/strong><\/p>\n<p><strong><u>Perspectives<\/u>. <\/strong><\/p>\n<p>L\u2019Association entend pouvoir \u00e9largir ses activit\u00e9s au fur et \u00e0 mesure de la progression des besoins par\u00a0:<\/p>\n<p>4.1 \u2013 location, construction et \/ ou achat de nouveaux locaux compl\u00e9mentaires.<\/p>\n<p>4.2 \u2013 cr\u00e9ation de nouveaux centres culturels, de centres d\u2019accueil et de formation dans d\u2019autres localit\u00e9s.<\/p>\n<p>4.3 \u2013 collaboration avec des associations poursuivant le m\u00eame but.<\/p>\n<p><strong><u>Article 5<\/u><\/strong><\/p>\n<p><strong><u>Mode d\u2019action<\/u>. <\/strong><\/p>\n<p>5.1 \u2013 Pour atteindre ses objectifs, l\u2019Association dispense des cours gratuits de fran\u00e7ais aux \u00e9l\u00e8ves d\u00e9favoris\u00e9s, aux enseignants en difficult\u00e9 et aux jeunes dipl\u00f4m\u00e9s d\u00e9sireux de ma\u00eetriser la langue fran\u00e7aise en vue de leur insertion dans la vie active.<\/p>\n<p>5.2 \u2013 Elle met \u00e0 la disposition de ses adh\u00e9rents une biblioth\u00e8que, un laboratoire de langue, du mat\u00e9riel et des outils p\u00e9dagogique<\/p>\n<p>5.3 \u2013 L\u2019Association dispose d\u2019une \u00e9quipe de formateurs comp\u00e9tents et r\u00e9mun\u00e9r\u00e9s par la caisse de l\u2019Association.<\/p>\n<p>5.4 \u2013 Elle sensibilise et conscientise les parents sur l\u2019utilit\u00e9 de la langue fran\u00e7aise comme outil de communication, d\u2019ouverture vers l\u2019ext\u00e9rieur et de la sortie de la pauvret\u00e9.<\/p>\n<p>5.5 \u2013 Elle collabore avec des Associations nationales et internationales poursuivant les m\u00eames objectifs.<\/p>\n<p><strong><u>Article 6<\/u><\/strong><\/p>\n<p><strong><u>Les membres<\/u>. <\/strong><\/p>\n<p>L\u2019Association est compos\u00e9e de\u00a0:<\/p>\n<ul>\n<li>- Membres bienfaiteurs<\/li>\n<li>- Membres actifs<\/li>\n<li>- Membres b\u00e9n\u00e9ficiaires<\/li>\n<\/ul>\n<p><strong><u>Article 7<\/u><\/strong><\/p>\n<p><strong><u>Les organes d\u2019administration<\/u>.<\/strong><\/p>\n<p>\u00a0\u00a0\u00a0\u00a0\u00a0\u00a0\u00a0\u00a0 L\u2019Association est administr\u00e9e par\u00a0:<\/p>\n<ul>\n<li>- L\u2019Assembl\u00e9e G\u00e9n\u00e9rale<\/li>\n<li>- Le Conseil d\u2019Administration ou Bureau Ex\u00e9cutif<\/li>\n<\/ul>\n<p>\u00a0<\/p>\n<p><strong><u>Article 8<\/u><\/strong><\/p>\n<p><strong><u>L\u2019Assembl\u00e9e G\u00e9n\u00e9rale<\/u>.<\/strong><\/p>\n<p>Elle est compos\u00e9e des membres bienfaiteurs et des membres actifs. Chaque personne morale membre bienfaiteur ou membre actif est alors repr\u00e9sent\u00e9e par un d\u00e9l\u00e9gu\u00e9.<\/p>\n<p>\u00a0L\u2019ordre du jour de l\u2019Assembl\u00e9e G\u00e9n\u00e9rale est \u00e9tabli par le Conseil d\u2019Administration.<\/p>\n<p><strong><u>Article 9<\/u><\/strong><\/p>\n<p><strong><u>Le Conseil d\u2019Administration<\/u>.<\/strong><\/p>\n<p>9.1 \u2013 L\u2019Association \u00ab\u00a0CENTRE CULTUREL IASA CYRILLE\u00a0\u00bb est repr\u00e9sent\u00e9e et dirig\u00e9e par un Conseil d\u2019Administration (CA) ou Bureau Ex\u00e9cutif (BE) compos\u00e9 de 8 membres dont\u00a0:<\/p>\n<p>\u00a0\u00a0\u00a0\u00a0\u00a0\u00a0\u00a0\u00a0 - un Pr\u00e9sident<\/p>\n<p>\u00a0\u00a0\u00a0\u00a0\u00a0\u00a0\u00a0\u00a0 - un Vice-Pr\u00e9sident<\/p>\n<p>\u00a0\u00a0\u00a0\u00a0\u00a0\u00a0\u00a0\u00a0 - un Secr\u00e9taire G\u00e9n\u00e9ral<\/p>\n<p>\u00a0\u00a0\u00a0\u00a0\u00a0\u00a0\u00a0\u00a0 - un Secr\u00e9taire G\u00e9n\u00e9ral Adjoint<\/p>\n<p>\u00a0\u00a0\u00a0\u00a0\u00a0\u00a0\u00a0\u00a0 - un Tr\u00e9sorier<\/p>\n<p>\u00a0\u00a0\u00a0\u00a0\u00a0\u00a0\u00a0\u00a0 - un Tr\u00e9sorier Adjoint<\/p>\n<p>\u00a0\u00a0\u00a0\u00a0\u00a0\u00a0\u00a0\u00a0 - des Commissaires aux comptes<\/p>\n<p>\u00a0\u00a0\u00a0\u00a0\u00a0\u00a0\u00a0\u00a0 - des conseillers.<\/p>\n<p>9.2 \u2013 Les membres du Conseil d\u2019Administration sont \u00e9lus par l\u2019Assembl\u00e9e G\u00e9n\u00e9rale par vote \u00e0 bulletins secrets pour une dur\u00e9e d\u2019un an. Ils sont r\u00e9\u00e9ligibles et b\u00e9n\u00e9voles.<\/p>\n<p><strong><u>Articles 10<\/u><\/strong><\/p>\n<p><strong><u>R\u00e8glement Int\u00e9rieur<\/u>. <\/strong><\/p>\n<p>Le Conseil d\u2019Administration \u00e9tablit le r\u00e8glement int\u00e9rieur de l\u2019Association qui pr\u00e9cisera tous les points particuliers de fonctionnement non pr\u00e9vus par les pr\u00e9sents statuts. Ce r\u00e8glement int\u00e9rieur sera valid\u00e9 par l\u2019Assembl\u00e9e G\u00e9n\u00e9rale.<\/p>\n<p><strong><u>Article 11<\/u><\/strong><\/p>\n<p><strong><u>Les ressources<\/u>. <\/strong><\/p>\n<p>11.1 \u2013 Les ressources de l\u2019Association comprennent\u00a0:<\/p>\n<p>\u00a0\u00a0\u00a0\u00a0\u00a0\u00a0\u00a0\u00a0\u00a0\u00a0\u00a0\u00a0\u00a0\u00a0\u00a0\u00a0\u00a0\u00a0\u00a0\u00a0 - les droits d\u2019adh\u00e9sion de tous les membres<\/p>\n<p>\u00a0\u00a0\u00a0\u00a0\u00a0\u00a0\u00a0\u00a0\u00a0\u00a0\u00a0\u00a0\u00a0\u00a0\u00a0\u00a0\u00a0\u00a0\u00a0\u00a0 -\u00a0 les cotisations annuelles des membres actifs<\/p>\n<p>\u00a0\u00a0\u00a0\u00a0\u00a0\u00a0\u00a0\u00a0\u00a0\u00a0\u00a0\u00a0\u00a0\u00a0\u00a0\u00a0\u00a0\u00a0\u00a0\u00a0 - toutes lib\u00e9ralit\u00e9s sous forme de dons, legs<\/p>\n<p>\u00a0\u00a0\u00a0\u00a0\u00a0\u00a0\u00a0\u00a0\u00a0\u00a0\u00a0\u00a0\u00a0\u00a0\u00a0\u00a0\u00a0\u00a0\u00a0\u00a0 - les subventions permises par les lois en vigueur (de la part de l\u2019\u00e9tat, des collectivit\u00e9s\u00a0locales, nationales, internationales ou de tout autre organisme public et \/ ou priv\u00e9) .<\/p>\n<p>\u00a0\u00a0\u00a0\u00a0\u00a0\u00a0\u00a0\u00a0\u00a0\u00a0\u00a0\u00a0\u00a0\u00a0\u00a0\u00a0\u00a0\u00a0\u00a0\u00a0 - activit\u00e9s organis\u00e9es au nom et au profit de l\u2019Association.<\/p>\n<p>\u00a0\u00a0\u00a0\u00a0\u00a0\u00a0\u00a0\u00a0\u00a0\u00a0\u00a0\u00a0\u00a0\u00a0\u00a0\u00a0\u00a0\u00a0\u00a0\u00a0 - vente des activit\u00e9s de l\u2019Association.<\/p>\n<p>9.2 \u2013 Ces ressources seront employ\u00e9es suivant la d\u00e9cision du Conseil d\u2019Administration uniquement \u00e0 la r\u00e9alisation des objectifs de l\u2019Association.<\/p>\n<p>9.3 \u2013 Les biens de l\u2019Association appartiennent uniquement \u00e0 l\u2019Association. Aucun membre de l\u2019Association ne peut en revendiquer une part quelconque.<\/p>\n<p><strong><u>Article 12<\/u><\/strong><\/p>\n<p><strong><u>Radiation \u2013 Exclusion<\/u>.<\/strong><\/p>\n<p><strong>\u00a0<\/strong>Sont radi\u00e9s ou exclus de l\u2019Association tous membres ayant port\u00e9 atteinte \u00e0 l\u2019honneur ou \u00e0 l\u2019int\u00e9r\u00eat de l\u2019Association ou ayant viol\u00e9 ou travesti les pr\u00e9sents statuts selon les conditions qui seront fix\u00e9es par le\u00a0 R\u00e8glement Int\u00e9rieur.<\/p>\n<p><strong><u>Article 13<\/u><\/strong><\/p>\n<p><strong><u>Modification \u2013 Dissolution<\/u>.<\/strong><\/p>\n<p>13.1 \u2013 La modification des pr\u00e9sents statuts pourra \u00eatre d\u00e9cid\u00e9e en Assembl\u00e9e G\u00e9n\u00e9rale, sur proposition du Conseil d\u2019Administration ou \u00e0 la demande des deux tiers de ses membres au moins.<\/p>\n<p>13.2 - La dissolution de l\u2019Association ne peut \u00eatre prononc\u00e9e que par l\u2019Assembl\u00e9e G\u00e9n\u00e9rale convoqu\u00e9e sp\u00e9cialement \u00e0 cet effet dans les conditions fix\u00e9es par le R\u00e8glement Int\u00e9rieur.<\/p>\n<p><strong><u>Article 14<\/u><\/strong><\/p>\n<p><strong><u>Comp\u00e9tence judiciaire<\/u>. <\/strong><\/p>\n<p>Le tribunal comp\u00e9tent pour toutes les actions judiciaires de l\u2019Association est celui de son si\u00e8ge, lors m\u00eame qu\u2019il s\u2019agirait de contrats pass\u00e9s dans les domiciles de ses \u00e9tablissements sis dans d\u2019autres circonscriptions.<\/p>\n<p style=\"text-align: right;\">Fait \u00e0 Befandriana-Nord, le 27 octobre 2006<\/p>\n<p style=\"text-align: right;\">Le Pr\u00e9sident :<\/p>\n<p style=\"text-align: right;\">TOMBOZOKY RasolofoJean de Dieu<\/p>\n<p style=\"text-align: right;\">Le Secr\u00e9taire G\u00e9n\u00e9ral :<\/p>\n<p style=\"text-align: right;\">RALAHY Vincent<\/p>\n<\/div>\n<\/div><\/div><\/div><\/div><div id=\"pgc-783-0-1\"  class=\"panel-grid-cell\" ><div id=\"panel-783-0-1-0\" class=\"so-panel widget widget_sow-button panel-first-child\" data-index=\"1\" ><div class=\"panel-widget-style panel-widget-style-for-783-0-1-0\" ><div\n\t\t\t\n\t\t\tclass=\"so-widget-sow-button so-widget-sow-button-atom-5927b116bc16-783\"\n\t\t\t\n\t\t><div class=\"ow-button-base ow-button-align-center\">\n\t<a\n\thref=\"http:\/\/escm-ccic.org\/wp-content\/uploads\/DOCS\/CCIC_STATUTS-2006.doc\"\n\t\tclass=\"ow-icon-placement-left ow-button-hover\" target=\"_blank\" rel=\"noopener noreferrer\" \t>\n\t\t<span>\n\t\t\t<span class=\"sow-icon-fontawesome sow-fas\" data-sow-icon=\"&#xf063;\"\n\t\tstyle=\"color: #dd9933\" \n\t\taria-hidden=\"true\"><\/span>\n\t\t\tT\u00e9l\u00e9chargez le  Statut du CCIC (Doc)\t\t<\/span>\n\t<\/a>\n<\/div>\n<\/div><\/div><\/div><div id=\"panel-783-0-1-1\" class=\"so-panel widget widget_sow-image\" data-index=\"2\" ><div class=\"panel-widget-style panel-widget-style-for-783-0-1-1\" ><div\n\t\t\t\n\t\t\tclass=\"so-widget-sow-image so-widget-sow-image-default-a258e6bfa2d8-783\"\n\t\t\t\n\t\t>\n\n<div class=\"sow-image-container\">\n\t\t<img loading=\"lazy\" decoding=\"async\" src=\"https:\/\/escm-ccic.org\/wp-content\/uploads\/2016\/06\/1_LA-BIBLIOTHEQUE.jpg\" width=\"2592\" height=\"1944\" srcset=\"https:\/\/escm-ccic.org\/wp-content\/uploads\/2016\/06\/1_LA-BIBLIOTHEQUE.jpg 2592w, https:\/\/escm-ccic.org\/wp-content\/uploads\/2016\/06\/1_LA-BIBLIOTHEQUE-300x225.jpg 300w, https:\/\/escm-ccic.org\/wp-content\/uploads\/2016\/06\/1_LA-BIBLIOTHEQUE-768x576.jpg 768w, https:\/\/escm-ccic.org\/wp-content\/uploads\/2016\/06\/1_LA-BIBLIOTHEQUE-1024x768.jpg 1024w, https:\/\/escm-ccic.org\/wp-content\/uploads\/2016\/06\/1_LA-BIBLIOTHEQUE-480x360.jpg 480w, https:\/\/escm-ccic.org\/wp-content\/uploads\/2016\/06\/1_LA-BIBLIOTHEQUE-830x623.jpg 830w, https:\/\/escm-ccic.org\/wp-content\/uploads\/2016\/06\/1_LA-BIBLIOTHEQUE-230x173.jpg 230w, https:\/\/escm-ccic.org\/wp-content\/uploads\/2016\/06\/1_LA-BIBLIOTHEQUE-350x263.jpg 350w\" sizes=\"(max-width: 2592px) 100vw, 2592px\" title=\"1_LA BIBLIOTHEQUE\" alt=\"\" \t\tclass=\"so-widget-image\"\/>\n\t<\/div>\n\n<\/div><\/div><\/div><div id=\"panel-783-0-1-2\" class=\"so-panel widget widget_sow-image panel-last-child\" data-index=\"3\" ><div class=\"panel-widget-style panel-widget-style-for-783-0-1-2\" ><div\n\t\t\t\n\t\t\tclass=\"so-widget-sow-image so-widget-sow-image-default-a258e6bfa2d8-783\"\n\t\t\t\n\t\t>\n\n<div class=\"sow-image-container\">\n\t\t<img loading=\"lazy\" decoding=\"async\" src=\"https:\/\/escm-ccic.org\/wp-content\/uploads\/2016\/05\/CCIC.jpg\" width=\"2592\" height=\"1944\" srcset=\"https:\/\/escm-ccic.org\/wp-content\/uploads\/2016\/05\/CCIC.jpg 2592w, https:\/\/escm-ccic.org\/wp-content\/uploads\/2016\/05\/CCIC-300x225.jpg 300w, https:\/\/escm-ccic.org\/wp-content\/uploads\/2016\/05\/CCIC-768x576.jpg 768w, https:\/\/escm-ccic.org\/wp-content\/uploads\/2016\/05\/CCIC-1024x768.jpg 1024w, https:\/\/escm-ccic.org\/wp-content\/uploads\/2016\/05\/CCIC-480x360.jpg 480w, https:\/\/escm-ccic.org\/wp-content\/uploads\/2016\/05\/CCIC-830x623.jpg 830w, https:\/\/escm-ccic.org\/wp-content\/uploads\/2016\/05\/CCIC-230x173.jpg 230w, https:\/\/escm-ccic.org\/wp-content\/uploads\/2016\/05\/CCIC-350x263.jpg 350w\" sizes=\"(max-width: 2592px) 100vw, 2592px\" alt=\"\" \t\tclass=\"so-widget-image\"\/>\n\t<\/div>\n\n<\/div><\/div><\/div><\/div><\/div><\/div><\/div>","protected":false},"excerpt":{"rendered":"<p>\u00a0\u00ab\u00a0CENTRE CULTUREL IASA CYRILLE\u00a0\u00bbSTATUTSArticle 1D\u00e9nomination.Il est cr\u00e9\u00e9, \u00e0 compter du 5 Ao\u00fbt 2004, \u00e0 BEFANDRIANA-NORD, une Association d\u00e9nomm\u00e9e\u00a0CENTRE CULTUREL IASA CYRILLE, conform\u00e9ment \u00e0 l\u2019ordonnance 60-133 du 03\/10\/60 relative aux r\u00e9glementations g\u00e9n\u00e9rales des Associations. Elle est apolitique et la\u00efque.Article 2Si\u00e8ge Social. Son Si\u00e8ge Social est\u00a0 fix\u00e9 \u00e0 la villa IACYMA, lot 140 M Manongarivo, BEFANDRIANA-NORD. Il [&hellip;]<\/p>\n","protected":false},"author":1,"featured_media":0,"parent":348,"menu_order":0,"comment_status":"closed","ping_status":"closed","template":"page-templates\/page_front-page.php","meta":{"ngg_post_thumbnail":0,"footnotes":""},"_links":{"self":[{"href":"https:\/\/escm-ccic.org\/index.php\/wp-json\/wp\/v2\/pages\/783"}],"collection":[{"href":"https:\/\/escm-ccic.org\/index.php\/wp-json\/wp\/v2\/pages"}],"about":[{"href":"https:\/\/escm-ccic.org\/index.php\/wp-json\/wp\/v2\/types\/page"}],"author":[{"embeddable":true,"href":"https:\/\/escm-ccic.org\/index.php\/wp-json\/wp\/v2\/users\/1"}],"replies":[{"embeddable":true,"href":"https:\/\/escm-ccic.org\/index.php\/wp-json\/wp\/v2\/comments?post=783"}],"version-history":[{"count":8,"href":"https:\/\/escm-ccic.org\/index.php\/wp-json\/wp\/v2\/pages\/783\/revisions"}],"predecessor-version":[{"id":815,"href":"https:\/\/escm-ccic.org\/index.php\/wp-json\/wp\/v2\/pages\/783\/revisions\/815"}],"up":[{"embeddable":true,"href":"https:\/\/escm-ccic.org\/index.php\/wp-json\/wp\/v2\/pages\/348"}],"wp:attachment":[{"href":"https:\/\/escm-ccic.org\/index.php\/wp-json\/wp\/v2\/media?parent=783"}],"curies":[{"name":"wp","href":"https:\/\/api.w.org\/{rel}","templated":true}]}}