{"id":1101,"date":"2016-07-26T19:56:36","date_gmt":"2016-07-26T17:56:36","guid":{"rendered":"http:\/\/escm-ccic.org\/?page_id=1101"},"modified":"2019-02-13T01:48:21","modified_gmt":"2019-02-12T23:48:21","slug":"agir-avec-nous","status":"publish","type":"page","link":"https:\/\/escm-ccic.org\/index.php\/agir-avec-nous\/","title":{"rendered":"AGIR AVEC NOUS"},"content":{"rendered":"<div class=\"pbs-main-wrapper\"><p><\/p>\n<div class=\"pbs-row pbs_row_uid_78w5ga\" style=\"border-radius: 6px; background-color: #f7f6f6; border: 1px solid #c9a7e2;\">\n<div class=\"pbs-col pbs_col_uid_4o6tpj\">\n<p style=\"text-align: justify;\">Envol Social et Culturel pour Madagascar (ESCM) et le Centre Culturel IASA Cyrille ont besoin de votre aide pour r\u00e9aliser leurs projets.<\/p>\n<p style=\"text-align: justify;\">Cette aide peut prendre diff\u00e9rentes formes :<\/p>\n<ul>\n<li>Adh\u00e9sion<\/li>\n<li>Dons financiers<\/li>\n<li>B\u00e9n\u00e9volat<\/li>\n<li>Parrainage<\/li>\n<\/ul>\n<p>&nbsp;<\/p>\n<pre style=\"text-align: center;\"><span style=\"color: #8e12ed;\"><strong>ADHERER<\/strong><\/span><\/pre>\n<p><img loading=\"lazy\" decoding=\"async\" class=\"aligncenter size-large wp-image-1097\" src=\"http:\/\/escm-ccic.org\/wp-content\/uploads\/2016\/07\/DSCN3149-1024x768.jpg\" alt=\"DSCN3149\" width=\"1024\" height=\"768\" srcset=\"https:\/\/escm-ccic.org\/wp-content\/uploads\/2016\/07\/DSCN3149-1024x768.jpg 1024w, https:\/\/escm-ccic.org\/wp-content\/uploads\/2016\/07\/DSCN3149-300x225.jpg 300w, https:\/\/escm-ccic.org\/wp-content\/uploads\/2016\/07\/DSCN3149-768x576.jpg 768w, https:\/\/escm-ccic.org\/wp-content\/uploads\/2016\/07\/DSCN3149-480x360.jpg 480w, https:\/\/escm-ccic.org\/wp-content\/uploads\/2016\/07\/DSCN3149-830x623.jpg 830w, https:\/\/escm-ccic.org\/wp-content\/uploads\/2016\/07\/DSCN3149-230x173.jpg 230w, https:\/\/escm-ccic.org\/wp-content\/uploads\/2016\/07\/DSCN3149-350x263.jpg 350w\" sizes=\"(max-width: 1024px) 100vw, 1024px\" \/><\/p>\n<ul>\n<li style=\"list-style-type: none;\">\n<ul>\n<li style=\"text-align: justify;\">Adh\u00e9rer, c\u2019est manifester votre attachement aux valeurs d\u00e9fendues par l\u2019ESCM et le CCIC et lutter avec nous pour l\u2019\u00e9panouissement des enfants des campagnes du Nord-Ouest de Madagascar<\/li>\n<\/ul>\n<\/li>\n<\/ul>\n<p>&nbsp;<\/p>\n<ul>\n<li style=\"list-style-type: none;\">\n<ul>\n<li style=\"text-align: justify;\">Adh\u00e9rer, c\u2019est mieux conna\u00eetre nos actions en recevant les informations.<\/li>\n<\/ul>\n<\/li>\n<\/ul>\n<p>&nbsp;<\/p>\n<ul>\n<li style=\"text-align: justify;\">Adh\u00e9rer, c\u2019est assister \u00e0 l\u2019Assembl\u00e9e G\u00e9n\u00e9rale annuelle et participer par vote aux projets et \u00e0 la vie de nos deux associations.<\/li>\n<\/ul>\n<p style=\"text-align: left;\"><span style=\"color: #8e12ed;\"><em><strong>La cotisation est de 15 euros par an.<\/strong><\/em><\/span><\/p>\n<p style=\"text-align: left;\">Pour devenir adh\u00e9rent :<\/p>\n<ul>\n<li style=\"list-style-type: none;\">\n<ul>\n<li style=\"text-align: left;\"><span style=\"color: #008000;\"><strong>T\u00e9l\u00e9chargez<\/strong> le formulaire en PDF <\/span><strong><span style=\"color: #008000;\"><u><span style=\"color: #008000;\">Bulletin d\u2019adh\u00e9sion ou de don \u00e0 l\u2019association ESCM,<\/span> <\/u><span style=\"color: #ff6600;\"><a style=\"color: #ff6600;\" href=\"http:\/\/escm-ccic.org\/wp-content\/uploads\/DOCS\/BULLETIN_D_ADHESION.pdf\" xlink=\"href\">Cliquer ICI<\/a><\/span><\/span><\/strong><\/li>\n<\/ul>\n<\/li>\n<\/ul>\n<p>&nbsp;<\/p>\n<ul>\n<li style=\"list-style-type: none;\">\n<ul>\n<li style=\"text-align: justify;\"><span style=\"color: #000000;\">Remplissez-le manuellement.<\/span><\/li>\n<\/ul>\n<\/li>\n<\/ul>\n<p>&nbsp;<\/p>\n<ul>\n<li style=\"list-style-type: none;\">\n<ul>\n<li style=\"text-align: justify;\"><span style=\"color: #000000;\">Libellez votre ch\u00e8que \u00e0 l\u2019ordre de l\u2019ESCM<\/span><\/li>\n<\/ul>\n<\/li>\n<\/ul>\n<p>&nbsp;<\/p>\n<ul>\n<li style=\"text-align: justify;\"><span style=\"color: #000000;\">Adressez le tout au si\u00e8ge de l\u2019association :<\/span><\/li>\n<\/ul>\n<pre style=\"text-align: center;\"><span style=\"color: #000000;\"><strong>Envol Social et Culturel\n pour Madagascar <\/strong>\n\n<strong>3, rue des Alpes<\/strong>\n\n<strong>13180 GIGNAC-LA-NERTHE<\/strong><\/span><\/pre>\n<p>&nbsp;<\/p>\n<pre style=\"text-align: center;\"><span style=\"color: #8e12ed;\"><strong>FAIRE UN DON <\/strong><\/span><\/pre>\n<p style=\"text-align: left;\"><span style=\"color: #8e12ed;\"><img loading=\"lazy\" decoding=\"async\" class=\"aligncenter size-large wp-image-1098\" src=\"http:\/\/escm-ccic.org\/wp-content\/uploads\/2016\/07\/DSCN3138-1024x768.jpg\" alt=\"DSCN3138\" width=\"1024\" height=\"768\" srcset=\"https:\/\/escm-ccic.org\/wp-content\/uploads\/2016\/07\/DSCN3138-1024x768.jpg 1024w, https:\/\/escm-ccic.org\/wp-content\/uploads\/2016\/07\/DSCN3138-300x225.jpg 300w, https:\/\/escm-ccic.org\/wp-content\/uploads\/2016\/07\/DSCN3138-768x576.jpg 768w, https:\/\/escm-ccic.org\/wp-content\/uploads\/2016\/07\/DSCN3138-480x360.jpg 480w, https:\/\/escm-ccic.org\/wp-content\/uploads\/2016\/07\/DSCN3138-830x623.jpg 830w, https:\/\/escm-ccic.org\/wp-content\/uploads\/2016\/07\/DSCN3138-230x173.jpg 230w, https:\/\/escm-ccic.org\/wp-content\/uploads\/2016\/07\/DSCN3138-350x263.jpg 350w\" sizes=\"(max-width: 1024px) 100vw, 1024px\" \/><\/span><br \/><span style=\"color: #8e12ed;\"> <strong><em>C\u2019est agir \u00e0 nos c\u00f4t\u00e9s pour aider les enfants des campagnes malgaches \u00e0 sortir du ghetto de la pauvret\u00e9.<\/em><\/strong><\/span><\/p>\n<p style=\"text-align: justify;\"><span style=\"color: #000000;\">10, 30, 50, 100\u20ac ou plus, chacun de vos dons compte et permet d\u2019am\u00e9liorer l\u2019enseignement et l\u2019insertion dans la vie active des jeunes de Befandriana-Nord et de la r\u00e9gion Sofia.<\/span><\/p>\n<p style=\"text-align: justify;\"><span style=\"color: #000000;\">Pour devenir membre actif ou bienfaiteur :<\/span><\/p>\n<ul>\n<li style=\"list-style-type: none;\">\n<ul>\n<li style=\"text-align: left;\"><span style=\"color: #8e12ed;\"><span style=\"color: #008000;\"><strong>Remplissez en ligne<\/strong> <strong>le <u>formulaire de contact ci-contre<\/u><\/strong><\/span>&nbsp; <span style=\"color: #000000;\">en indiquant votre contribution \u00e0 la mise en \u0153uvre des projets par l\u2019envoi d\u2019un don.<\/span><\/span><\/li>\n<\/ul>\n<\/li>\n<\/ul>\n<p>&nbsp;<\/p>\n<ul>\n<li style=\"text-align: justify;\"><span style=\"color: #000000;\">Vous pouvez nous faire un don par virement bancaire au compte CCP de l\u2019ESCM (Voir RIB)<\/span><\/li>\n<li><span style=\"color: #000000;\">Ou nous adresser un ch\u00e8que \u00e0 l\u2019ordre de l\u2019ESCM et \u00e0 l\u2019adresse suivante :<\/span><\/li>\n<\/ul>\n<pre style=\"text-align: center;\"><span style=\"color: #000000;\"><strong>Envol Social et Culturel<\/strong>\n<strong> pour Madagascar\n\n 3, rue des Alpes\n\n13180 GIGNAC-LA-NERTHE<\/strong><\/span><\/pre>\n<p style=\"text-align: justify;\"><span style=\"color: #8e12ed;\"><em>\u009f <strong>Et b\u00e9n\u00e9ficier d\u2019une d\u00e9duction fiscale.<\/strong><\/em><\/span><\/p>\n<p style=\"text-align: justify;\"><span style=\"color: #000000;\">Chaque don donne droit \u00e0 un re\u00e7u fiscal vous permettant de d\u00e9duire votre don de vos imp\u00f4ts.<\/span><\/p>\n<p style=\"text-align: justify;\"><span style=\"color: #000000;\">Pour un particulier, \u00e0 hauteur de 66% dans la limite de 20% du revenu imposable.<\/span><\/p>\n<p><span style=\"color: #000000;\"><em>Si vous \u00eates imposable, un don de :<\/em><\/span><\/p>\n<ul>\n<li><span style=\"color: #000000;\"><em>100 euros vous revient donc \u00e0 34 euros<\/em><\/span><\/li>\n<li><span style=\"color: #000000;\"><em>80 euros \u00e0 27 euros <\/em><\/span><\/li>\n<li><span style=\"color: #000000;\"><em>50 euros \u00e0 17 euros <\/em><\/span><\/li>\n<li><span style=\"color: #000000;\"><em>40 euros \u00e0 14 euros<\/em><\/span><\/li>\n<\/ul>\n<p style=\"text-align: justify;\"><span style=\"color: #000000;\">Pour une entreprise, \u00e0 hauteur de 60% du montant du don effectu\u00e9 en num\u00e9raire, en comp\u00e9tence ou en nature, et retenu dans la limite de 0,5% du chiffre d\u2019affaires H.T., avec la possibilit\u00e9, en cas de d\u00e9passement de ce plafond, de reporter l\u2019exc\u00e9dent au titre des cinq exercices suivants.<\/span><\/p>\n<p style=\"text-align: left;\"><span style=\"color: #8e12ed;\"><em><strong>Un re\u00e7u fiscal vous sera adress\u00e9 en d\u00e9but d\u2019ann\u00e9e suivante pour tous les versements de l\u2019ann\u00e9e \u00e9coul\u00e9e.<\/strong><\/em><\/span><\/p>\n<p style=\"text-align: left;\"><span style=\"color: #000000;\"><strong>Merci pour votre g\u00e9n\u00e9rosit\u00e9 et votre aide.<\/strong><\/span><\/p>\n<p style=\"text-align: left;\"><span style=\"text-decoration: underline; color: #ff6600;\"><strong><a style=\"color: #ff6600; text-decoration: underline;\" href=\"http:\/\/escm-ccic.org\/wp-content\/uploads\/DOCS\/BULLETIN_D_ADHESION.pdf\" xlink=\"href\">Bulletin d\u2019adh\u00e9sion ou de don \u00e0 l\u2019ESCM (\u00e0 t\u00e9l\u00e9charger ICI) :<\/a><\/strong><\/span><\/p>\n<p><span style=\"color: #000000;\"><a href=\"https:\/\/escm-ccic.org\/wp-content\/uploads\/2016\/07\/BULLETIN_D_ADHESION.pdf\" class=\"pdfemb-viewer\" style=\"\" data-width=\"max\" data-height=\"max\" data-toolbar=\"both\" data-toolbar-fixed=\"on\">BULLETIN_D_ADHESION<\/a><\/span><\/p>\n<\/div>\n<div class=\"pbs-col pbs_col_uid_5e8rnr\">\n<pre style=\"text-align: center;\"><span style=\"color: #8e12ed;\"><strong>PARRAINER UN ELEVE<\/strong><\/span><\/pre>\n<p style=\"text-align: center;\"><span style=\"color: #8e12ed;\"><img loading=\"lazy\" decoding=\"async\" class=\"aligncenter size-large wp-image-1099\" src=\"http:\/\/escm-ccic.org\/wp-content\/uploads\/2016\/07\/IMGP0814-1024x768.jpg\" alt=\"IMGP0814\" width=\"1024\" height=\"768\" srcset=\"https:\/\/escm-ccic.org\/wp-content\/uploads\/2016\/07\/IMGP0814-1024x768.jpg 1024w, https:\/\/escm-ccic.org\/wp-content\/uploads\/2016\/07\/IMGP0814-300x225.jpg 300w, https:\/\/escm-ccic.org\/wp-content\/uploads\/2016\/07\/IMGP0814-768x576.jpg 768w, https:\/\/escm-ccic.org\/wp-content\/uploads\/2016\/07\/IMGP0814-480x360.jpg 480w, https:\/\/escm-ccic.org\/wp-content\/uploads\/2016\/07\/IMGP0814-830x623.jpg 830w, https:\/\/escm-ccic.org\/wp-content\/uploads\/2016\/07\/IMGP0814-230x173.jpg 230w, https:\/\/escm-ccic.org\/wp-content\/uploads\/2016\/07\/IMGP0814-350x263.jpg 350w\" sizes=\"(max-width: 1024px) 100vw, 1024px\" \/><\/span><\/p>\n<p style=\"text-align: left;\"><span style=\"color: #8e12ed;\"><strong><em>C\u2019est le lib\u00e9rer de la pauvret\u00e9 et participer au d\u00e9veloppement de sa communaut\u00e9.<\/em><\/strong><\/span><\/p>\n<p style=\"text-align: justify;\"><span style=\"color: #000000;\">Quelques uns des \u00e9l\u00e8ves du Centre ont brillamment r\u00e9ussi leur baccalaur\u00e9at mais les revenus des parents ne leur permettent pas d\u2019entreprendre des \u00e9tudes sup\u00e9rieures. Nous parrainons ces \u00e9l\u00e8ves.<\/span><\/p>\n<p style=\"text-align: justify;\"><span style=\"color: #000000;\">Vous plairait-il de contribuer \u00e0 leur r\u00e9ussite ?<\/span><\/p>\n<p><span style=\"color: #000000;\">Contactez nous :<\/span><\/p>\n<ul>\n<li><span style=\"color: #000000;\">Adresse email :<span style=\"color: #8e12ed;\"><a style=\"color: #8e12ed;\" href=\"mailto:escm.contact@gmail.com\" xlink=\"href\"> escm.contact@gmail.com<\/a><\/span><\/span><\/li>\n<li><span style=\"color: #8e12ed;\"><span style=\"color: #000000;\">ou t\u00e9l\u00e9phone :<\/span> 04 42 30 37 10<\/span><\/li>\n<\/ul>\n<p style=\"text-align: justify;\"><span style=\"color: #000000;\">Nous vous pr\u00e9senterons les \u00e9tudiants concern\u00e9s et nous vous indiquerons les marches \u00e0 suivre.<\/span><\/p>\n<p>&nbsp;<\/p>\n<pre style=\"text-align: center;\"><span style=\"color: #8e12ed;\"><strong>DEVENIR BENEVOLE<\/strong><\/span><\/pre>\n<p style=\"text-align: center;\"><span style=\"color: #8e12ed;\"><img loading=\"lazy\" decoding=\"async\" class=\"aligncenter size-large wp-image-697\" src=\"http:\/\/escm-ccic.org\/wp-content\/uploads\/2016\/05\/Cours-de-fran\u00e7ais-avec-une-sp\u00e9cialiste-de-FLE-1024x768.jpg\" alt=\"Cours de fran\u00e7ais avec une sp\u00e9cialiste de FLE\" width=\"1024\" height=\"768\" srcset=\"https:\/\/escm-ccic.org\/wp-content\/uploads\/2016\/05\/Cours-de-fran\u00e7ais-avec-une-sp\u00e9cialiste-de-FLE-1024x768.jpg 1024w, https:\/\/escm-ccic.org\/wp-content\/uploads\/2016\/05\/Cours-de-fran\u00e7ais-avec-une-sp\u00e9cialiste-de-FLE-300x225.jpg 300w, https:\/\/escm-ccic.org\/wp-content\/uploads\/2016\/05\/Cours-de-fran\u00e7ais-avec-une-sp\u00e9cialiste-de-FLE-768x576.jpg 768w, https:\/\/escm-ccic.org\/wp-content\/uploads\/2016\/05\/Cours-de-fran\u00e7ais-avec-une-sp\u00e9cialiste-de-FLE-480x360.jpg 480w, https:\/\/escm-ccic.org\/wp-content\/uploads\/2016\/05\/Cours-de-fran\u00e7ais-avec-une-sp\u00e9cialiste-de-FLE-830x623.jpg 830w, https:\/\/escm-ccic.org\/wp-content\/uploads\/2016\/05\/Cours-de-fran\u00e7ais-avec-une-sp\u00e9cialiste-de-FLE-230x173.jpg 230w, https:\/\/escm-ccic.org\/wp-content\/uploads\/2016\/05\/Cours-de-fran\u00e7ais-avec-une-sp\u00e9cialiste-de-FLE-350x263.jpg 350w\" sizes=\"(max-width: 1024px) 100vw, 1024px\" \/><\/span><\/p>\n<p><span style=\"color: #8e12ed;\"><strong><em>Vous voyagez \u00e0 Madagascar ?<\/em><\/strong><\/span><\/p>\n<p style=\"text-align: justify;\">Certains d\u2019entre vous seront peut-\u00eatre int\u00e9ress\u00e9s par une action sur place au Centre Culturel : cours de fran\u00e7ais, valorisation des produits agricoles, apiculture et valorisation des produits d\u00e9riv\u00e9s, artisanat et design.<\/p>\n<p style=\"text-align: justify;\">Nous contacter :<\/p>\n<ul>\n<li>Adresse email : <span style=\"color: #8e12ed;\"><a style=\"color: #8e12ed;\" href=\"mailto:escm.contact@gmail.com\" xlink=\"href\"> escm.contact@gmail.com<\/a><\/span><\/li>\n<li>ou t\u00e9l\u00e9phone : <span style=\"color: #8e12ed;\">04 42 30 37 10<\/span><\/li>\n<\/ul>\n<p>&nbsp;<\/p>\n<pre style=\"text-align: center;\"><span style=\"color: #ff6600;\"><strong>FORMULAIRE EN LIGNE\n D\u2019ADHESION ET DE SOUTIEN<\/strong> <p>&nbsp;<\/p> <p><span style=\"color: #db5902;\"><a style=\"color: #ff6600; text-decoration: underline;\" href=\"https:\/\/escm-ccic.org\/index.php\/escm\/escm-contacts\/\" xlink=\"href\">Veuillez contacter l'association : <\/a> <a style=\"color: #8e12ed;\" href=\"mailto:escm.contact@gmail.com\" xlink=\"href\"> escm.contact@gmail.com<\/a> <\/span><\/p><\/span><\/pre>\n<p><!-- \n\n<p><span style=\"color: #db5902;\">[Form id=\"10\"]<\/span><\/p>\n\n --><\/p>\n<p><span style=\"color: #db5902;\">Veuiller contacter l&rsquo;association : <a style=\"color: #8e12ed;\" href=\"mailto:escm.contact@gmail.com\" xlink=\"href\"> escm.contact@gmail.com<\/a> <\/span><\/p>\n<p><span style=\"color: #8e12ed;\"><strong><em><span style=\"color: #ff6600;\">RELEVE D\u2019IDENTITE BANCAIRE :<\/span><br \/><\/em><\/strong><\/span><\/p>\n<table>\n<tbody>\n<tr>\n<td><span style=\"color: #000000;\"><em>Etablissement<\/em><\/span><br \/><span style=\"color: #000000;\"> 20041<\/span><\/td>\n<td><span style=\"color: #000000;\"><em>Guichet<\/em><\/span><br \/><span style=\"color: #000000;\"> 01008<\/span><\/td>\n<\/tr>\n<tr>\n<td><span style=\"color: #000000;\"><em>N\u00b0 de Compte<\/em><\/span><br \/><span style=\"color: #000000;\"> 1984658B029<\/span><\/td>\n<td><span style=\"color: #000000;\"><em>Cl\u00e9 RIB<\/em><\/span><br \/><span style=\"color: #000000;\"> 64<\/span><\/td>\n<\/tr>\n<tr>\n<td colspan=\"2\"><span style=\"color: #000000;\"><em>IBAN \u2013 Identifiant International de compte<\/em><\/span><br \/><span style=\"color: #000000;\"> FR51 2004 1010 0819 8465 8B02 964<\/span><\/td>\n<\/tr>\n<tr>\n<td colspan=\"2\"><span style=\"color: #000000;\"><em>BIC \u2013 Identifiant International de l\u2019\u00e9tablissement <\/em><\/span><br \/><span style=\"color: #000000;\"> PSSTFRPPMAR<\/span><\/td>\n<\/tr>\n<tr>\n<td colspan=\"2\"><span style=\"color: #000000;\"><em>DOMICILIATION : <\/em><\/span><br \/><span style=\"color: #000000;\"> LA BANQUE POSTALE \u2013 CENTRE FINANCIER<\/span><br \/><span style=\"color: #000000;\"> 13900 MARSEILLE CEDEX 20<\/span><\/td>\n<\/tr>\n<tr>\n<td colspan=\"2\"><span style=\"color: #000000;\"><em>TITULAIRE DU COMPTE :<\/em><\/span><br \/><span style=\"color: #000000;\"> ENVOL SOCIAL ET CULTUREL POUR MADAGASCAR ESCM<\/span><br \/><span style=\"color: #000000;\"> 3 RUE DES ALPES<\/span><br \/><span style=\"color: #000000;\"> 13180 GIGNAC-LA-NERTHE<\/span><\/td>\n<\/tr>\n<\/tbody>\n<\/table>\n<p>&nbsp;<\/p>\n<p>&nbsp;<\/p>\n<p>&nbsp;<\/p>\n<p><img loading=\"lazy\" decoding=\"async\" class=\"aligncenter size-large wp-image-912\" src=\"http:\/\/escm-ccic.org\/wp-content\/uploads\/2016\/06\/LOGO2-1024x422.png\" alt=\"LOGO2\" width=\"1024\" height=\"422\" srcset=\"https:\/\/escm-ccic.org\/wp-content\/uploads\/2016\/06\/LOGO2-1024x422.png 1024w, https:\/\/escm-ccic.org\/wp-content\/uploads\/2016\/06\/LOGO2-300x124.png 300w, https:\/\/escm-ccic.org\/wp-content\/uploads\/2016\/06\/LOGO2-768x316.png 768w, https:\/\/escm-ccic.org\/wp-content\/uploads\/2016\/06\/LOGO2-480x198.png 480w, https:\/\/escm-ccic.org\/wp-content\/uploads\/2016\/06\/LOGO2-830x342.png 830w, https:\/\/escm-ccic.org\/wp-content\/uploads\/2016\/06\/LOGO2-230x95.png 230w, https:\/\/escm-ccic.org\/wp-content\/uploads\/2016\/06\/LOGO2-350x144.png 350w, https:\/\/escm-ccic.org\/wp-content\/uploads\/2016\/06\/LOGO2.png 1904w\" sizes=\"(max-width: 1024px) 100vw, 1024px\" \/><\/p>\n<p>&nbsp;<\/p>\n<\/div>\n<\/div>\n<p><\/p>\n<\/div>","protected":false},"excerpt":{"rendered":"<p>Envol Social et Culturel pour Madagascar (ESCM) et le Centre Culturel IASA Cyrille ont besoin de votre aide pour r\u00e9aliser leurs projets. Cette aide peut prendre diff\u00e9rentes formes : Adh\u00e9sion Dons financiers B\u00e9n\u00e9volat Parrainage &nbsp; ADHERER Adh\u00e9rer, c\u2019est manifester votre attachement aux valeurs d\u00e9fendues par l\u2019ESCM et le CCIC et lutter avec nous pour l\u2019\u00e9panouissement [&hellip;]<\/p>\n","protected":false},"author":1,"featured_media":0,"parent":0,"menu_order":0,"comment_status":"closed","ping_status":"closed","template":"page-templates\/page_fullwidth.php","meta":{"ngg_post_thumbnail":0,"footnotes":""},"_links":{"self":[{"href":"https:\/\/escm-ccic.org\/index.php\/wp-json\/wp\/v2\/pages\/1101"}],"collection":[{"href":"https:\/\/escm-ccic.org\/index.php\/wp-json\/wp\/v2\/pages"}],"about":[{"href":"https:\/\/escm-ccic.org\/index.php\/wp-json\/wp\/v2\/types\/page"}],"author":[{"embeddable":true,"href":"https:\/\/escm-ccic.org\/index.php\/wp-json\/wp\/v2\/users\/1"}],"replies":[{"embeddable":true,"href":"https:\/\/escm-ccic.org\/index.php\/wp-json\/wp\/v2\/comments?post=1101"}],"version-history":[{"count":93,"href":"https:\/\/escm-ccic.org\/index.php\/wp-json\/wp\/v2\/pages\/1101\/revisions"}],"predecessor-version":[{"id":1389,"href":"https:\/\/escm-ccic.org\/index.php\/wp-json\/wp\/v2\/pages\/1101\/revisions\/1389"}],"wp:attachment":[{"href":"https:\/\/escm-ccic.org\/index.php\/wp-json\/wp\/v2\/media?parent=1101"}],"curies":[{"name":"wp","href":"https:\/\/api.w.org\/{rel}","templated":true}]}}